15, i = d + 3*p - 39. Let x = 30 + -24. What is the highest common divisor of d and x?
6
Suppose 4*q = 8*q - 40. Suppose 0 = -4*d + 8, 2*r - 452 = r - 2*d. Suppose 4*a - x = -4*x + 452, -2*x = 4*a - r. What is the highest common divisor of a and q?
10
Suppose 5*l + 5*v - 190 = 0, -2*v = l - 3*v - 46. Let d(z) = -213*z - 636. Let o be d(-3). What is the greatest common factor of o and l?
3
Let b = 13242 - 13229. Calculate the greatest common factor of 6994 and b.
13
Let h be 2 - (-6 - -3 - -2). Let l be 2240/(-34) + (-42)/357. Let u = 69 + l. What is the greatest common factor of u and h?
3
Suppose -3*n + 50 = -5*o, 352*n - 20 = 351*n + 5*o. What is the greatest common factor of 47 and n?
1
Suppose 0 = -32*a - 146*a - 5692 + 29366. What is the highest common divisor of a and 361?
19
Suppose 0 = u + 4*r - 72, -u - 2*u = 2*r - 186. Let h be (u/(-45))/(4/(-9)). Suppose 8*v - h*v = 35. What is the highest common factor of v and 91?
7
Suppose -2*t + 7*t - 190 = 0. Let w(z) = 126*z - 12058. Let x be w(96). Calculate the highest common divisor of x and t.
38
Let t(d) = 2*d**3 + 35*d**2 - 138*d - 21. Let o be t(-19). Calculate the highest common divisor of 99 and o.
33
Let c be (-10 + 87)/(-7) + 131. Let s = -16 - -46. Calculate the greatest common divisor of c and s.
30
Let x(j) = 35*j - 221. Let i be x(5). Let s = 265 + i. What is the greatest common factor of s and 365?
73
Suppose d - 59 = -3*m, -4*d - 782*m + 83 = -787*m. What is the greatest common factor of d and 458?
2
Suppose 3*f + j = 5*j - 545, 890 = -5*f + 3*j. Let y = 217 + f. Calculate the highest common factor of y and 84.
42
Suppose -5*d + 9355 = 4*k, -27*d = -5*k - 22*d + 11750. Calculate the greatest common divisor of k and 175.
35
Let a(k) = 179*k + 1309. Let s be a(-6). What is the highest common factor of 423 and s?
47
Let q be (-1*(0 - 1))/1. Let j be (21 + -23)*q*-11. Suppose 10 = 4*r - j. Calculate the greatest common divisor of 24 and r.
8
Let j be (330/(-18) - 0)/((-1)/(-3)). Let g be (96/(-12) - -5)/(3/j). What is the greatest common factor of 99 and g?
11
Let i = 245 - 33. What is the highest common factor of 159 and i?
53
Let y = 32 - 35. Let x be (-6)/(-2*y/(-6)). Suppose x*s - 10*s = -324. What is the highest common factor of s and 9?
9
Let m = 14 - -46. Suppose 0 = 11*i + 409 - 1014. Suppose i = 4*c + 3*b, -3*c - 8*b = -3*b - 55. What is the highest common factor of c and m?
10
Suppose w + x - 2 = 0, 4*x = w - 4*w + 4. Suppose -411 = -2*a - 3*p, -2*a = w*p - 497 + 89. What is the greatest common factor of a and 84?
42
Let m be 2220/27 + (-4)/126*7. Suppose 2*x + 80 = m. Let j = -9 - -17. Calculate the highest common divisor of x and j.
1
Let m be (-51)/(2 + (-52)/20). What is the highest common divisor of 1955 and m?
85
Let h be (-14)/(-6) - 293460/(-36). What is the highest common divisor of 54 and h?
54
Suppose 12*z + 3*i = 7*z + 1430, z = 3*i + 304. Let a = z + -272. What is the greatest common factor of a and 119?
17
Suppose 0 = t - 3*n - 14, -5*t + 18 = -2*n - 0*n. Let v be (2 + -1 - t) + (-1 - -18). Suppose 463 = 4*c - 113. Calculate the highest common divisor of c and v.
16
Let o(k) = -7*k - 202. Let i be o(-28). Let t be i/((-36)/(-310))*-3. Calculate the greatest common factor of 93 and t.
31
Let k = -44 + 66. Let y = -17 + k. Suppose -4*b + 65 = y*r, 0 = -2*b - 2*r + r + 25. What is the greatest common divisor of b and 80?
10
Let s(y) = y**3 - 3*y**2 - 55*y + 217. Let w be s(9). Calculate the highest common divisor of w and 468.
52
Let b be 3/(-2)*(-4)/(-6)*-35. What is the greatest common divisor of 3745 and b?
35
Let o be ((-4)/12)/((-1)/300*4). Let t(d) = -d**3 - 7*d**2 + 12*d + 37. Let u be t(-8). Calculate the highest common factor of u and o.
5
Suppose 28*k - 21*k + 1092 = 14*k. What is the highest common factor of k and 4758?
78
Let f = -28777 + 28975. Calculate the greatest common divisor of f and 1496.
22
Let n be ((-18)/(-6) - -122)*1. Suppose 5*o = 5*t - 120, -78*t = -73*t + o - 96. What is the greatest common divisor of n and t?
5
Let s(v) = 2*v**3 - 13*v**2 + 142*v - 128. Let a be s(1). Let r = 7 - -5. What is the highest common divisor of r and a?
3
Let l(u) = u - 16. Let f be l(19). Let t = f - -6. Suppose -4*i + 65 = t. Calculate the greatest common divisor of 7 and i.
7
Suppose 13 = -3*a - 2*l - 64, 3*a = l - 65. Let m(f) = f**3 + 2*f**2 - 11*f + 20. Let v be m(3). Let q = a + v. Calculate the highest common factor of q and 9.
9
Suppose -y + 79 = 19. Let w(n) = 292*n + 46. Let s be w(3). Suppose 0 = -11*g + s + 728. What is the greatest common factor of y and g?
30
Let t = -5918 - -10912. Let p be (-1)/(-3) - 1 - t/(-66). What is the highest common factor of p and 30?
15
Let y be 56/6*30/35 + 2. Calculate the highest common divisor of 214 and y.
2
Suppose -t - b + 140 - 15 = 0, 3*t - 3*b - 351 = 0. What is the highest common factor of t and 55?
11
Let c = -294 + 292. Let s be (c - (5 - 3))*4/(-8). What is the greatest common factor of 23 and s?
1
Let z be (0 - 1)/(((-189)/(-28))/27) + 344. What is the greatest common factor of z and 544?
68
Let i = 9373 + -7116. What is the highest common divisor of i and 148?
37
Let o be (2 + -1 - 1)/(-2). Suppose o = -2*k + 3*k - 4. Let b be 38 + (3 + -3 - -3) + k. Calculate the greatest common divisor of b and 315.
45
Let c(r) = -36*r + 462. Let o be c(8). Calculate the greatest common factor of 232 and o.
58
Suppose -19*n + 13*n = -24*n + 3168. What is the highest common factor of 308 and n?
44
Suppose -37*k + 109854 + 197751 = -22805. What is the highest common divisor of 950 and k?
190
Let a(y) = -26*y - 23. Let f be a(-8). Suppose 7*b = 12*b - f. Suppose 2*s + 3*s + r = 57, b = 3*s + 2*r. What is the greatest common divisor of 11 and s?
11
Let u = -468 + 271. Let d = u - -211. Calculate the highest common factor of 406 and d.
14
Let c = -202639 - -202656. Let m = 36 - -389. What is the highest common divisor of c and m?
17
Suppose -6*h - 5 = 2*r - 9*h, -3*r = -5*h + 7. Let w(k) = k**2 + 4*k + 36. Let m be w(r). Calculate the greatest common factor of m and 90.
18
Let q be (3 - 2)/(2/12). Suppose 15*c = -52*c + 172458. Let v be 4/q*c/44. What is the greatest common divisor of v and 13?
13
Let x be (-223)/5 + 14/(-35). Let k = -33 - -104. Let v = k + x. Calculate the highest common factor of v and 182.
26
Let b = -15714 + 17039. Calculate the highest common factor of b and 175.
25
Suppose -22*d + 2043 = 723. Calculate the highest common divisor of d and 576.
12
Suppose 16*u - 953 = 183. What is the highest common factor of 7597 and u?
71
Let x be (-6)/(218/56 + -4). Suppose 78*r = 36*r - 96*r + 65688. What is the highest common factor of x and r?
28
Let q(v) = 21*v**2 - v. Let n be q(-1). Suppose -318*j = 206*j - 57640. What is the highest common factor of n and j?
22
Suppose 24*u - 1706 = 6214. Suppose 97*w - 82*w - u = 0. Calculate the highest common factor of w and 6.
2
Let z(b) be the third derivative of -b**6/120 - b**5/15 + 3*b**4/8 + 7*b**3/2 + 49*b**2. Let h be z(-5). Calculate the greatest common divisor of h and 16.
1
Suppose 4*w = -d + 1912, 5478 + 2204 = 4*d - w. Let l be (d/28)/((-2)/(-14)). What is the greatest common divisor of 15 and l?
15
Let n = -265 + 271. Let b(r) = -r**3 + 6*r**2 + 23*r - 102. Let f be b(n). What is the greatest common divisor of 54 and f?
18
Suppose 25*t = 18*t - 854. Let w = t - -133. Let s(m) = m**3 - 13*m**2 + 25*m - 3. Let a be s(w). Calculate the greatest common divisor of a and 40.
10
Suppose 49 = 18*g - 41. Suppose 635 - 665 = -g*r. Calculate the greatest common factor of 21 and r.
3
Let w = -30 + 37. Suppose 0 = c - w*c - 192. Let g = c - -50. Calculate the highest common divisor of 12 and g.
6
Suppose -28943 = -185*o + 42652. Calculate the greatest common factor of 36 and o.
9
Let g be (6/(-4))/(4/((-4384)/12)). Suppose g*t = 127*t + 150. What is the highest common factor of 105 and t?
15
Let t be 1/7 - 368/28. Let i be (-4)/(t/((-2691)/(-18))). Calculate the highest common divisor of 23 and i.
23
Suppose -426 = -5*a + 2*i, -12*a + 258 = -9*a - 2*i. Suppose 5*v - 151 - 29 = 0. What is the greatest common divisor of v and a?
12
Let d = -2476 - -2593. What is the greatest common factor of d and 900?
9
Let c(n) = 5*n**2 + 12*n + 33. Let i be c(-3). Suppose -